
-1253 (base 7) to base 15
-21e
Convert 28705 (base 12) to base 4.
31233311
Convert 1220003 (base 4) to base 16.
1a03
Convert 1001010000 (base 2) to base 13.
367
-45 (base 7) to base 2
-100001
Convert -2323 (base 4) to base 2.
-10111011
Convert 79c (base 16) to base 2.
11110011100
Convert -312 (base 6) to base 10.
-116
Convert -211222 (base 3) to base 12.
-438
12211 (base 3) to base 10
157
What is -14 (base 13) in base 10?
-17
Convert -3c14 (base 13) to base 8.
-20674
20101020 (base 3) to base 9
6336
What is 136 (base 13) in base 5?
1324
Convert 101010101010 (base 2) to base 4.
222222
13a0 (base 16) to base 9
6802
1121 (base 9) to base 7
2263
Convert -312 (base 8) to base 16.
-ca
Convert 221 (base 8) to base 2.
10010001
What is 1110010100 (base 2) in base 12?
644
What is 101213 (base 4) in base 6?
5115
What is -12320 (base 5) in base 15?
-440
What is -1000110001101 (base 2) in base 14?
-18cd
-21020201 (base 3) to base 8
-12244
111011100111 (base 2) to base 5
110230
5111 (base 10) to base 5
130421
What is -2041 (base 6) in base 10?
-457
What is -979b (base 14) in base 10?
-26205
e2 (base 15) to base 11
183
-138 (base 9) to base 3
-11022
-157466 (base 8) to base 3
-2220101101
-89a (base 13) to base 15
-689
What is 1850 (base 14) in base 16?
111e
Convert 352 (base 11) to base 9.
516
Convert -a0 (base 16) to base 5.
-1120
-7b96 (base 16) to base 14
-b75c
2640 (base 10) to base 13
1281
What is 100001011 (base 2) in base 9?
326
352 (base 6) to base 11
118
Convert -113320 (base 5) to base 16.
-1072
Convert -11302 (base 8) to base 16.
-12c2
Convert 3101 (base 4) to base 5.
1314
-422 (base 14) to base 5
-11224
10000001110 (base 2) to base 10
1038
What is -2131 (base 7) in base 3?
-1001001
-100101110011100 (base 2) to base 15
-5b06
-d028 (base 14) to base 7
-206051
-302 (base 12) to base 16
-1b2
Convert -301201 (base 4) to base 11.
-2421
Convert -947 (base 14) to base 15.
-81c
What is 1bac (base 15) in base 12?
3590
What is 14204 (base 5) in base 11?
982
-194b (base 12) to base 15
-da8
What is -112310 (base 4) in base 9?
-2002
-604 (base 9) to base 10
-490
Convert 11010111 (base 2) to base 5.
1330
-6142 (base 8) to base 10
-3170
-10001000 (base 2) to base 7
-253
What is -48b (base 16) in base 13?
-6b6
-20233 (base 5) to base 12
-91a
Convert -11020212021 (base 3) to base 13.
-2c161
-11322 (base 4) to base 6
-1430
-2022212 (base 3) to base 7
-4643
What is -276 (base 12) in base 10?
-378
Convert -120001 (base 3) to base 11.
-33a
What is 3201002 (base 4) in base 2?
11100001000010
What is -1123200 (base 4) in base 15?
-1b06
a006 (base 12) to base 9
25636
What is 4032 (base 10) in base 5?
112112
What is -12075 (base 9) in base 12?
-481b
Convert 28 (base 13) to base 10.
34
4f (base 16) to base 10
79
What is d3c (base 15) in base 6?
21450
45688 (base 10) to base 11
31365
What is -1244 (base 6) in base 9?
-381
-321034 (base 7) to base 10
-55591
Convert -10010000011011 (base 2) to base 11.
-6a43
What is 300221 (base 4) in base 2?
110000101001
-443 (base 7) to base 13
-146
Convert 455 (base 6) to base 5.
1204
429 (base 12) to base 13
37b
Convert 1164 (base 7) to base 10.
438
Convert 121122022 (base 3) to base 16.
2f63
What is 2912 (base 13) in base 16?
172a
7303 (base 8) to base 15
11be
-4113121 (base 5) to base 2
-10000010001100101
What is -13404 (base 5) in base 4?
-101100
What is -25330 (base 11) in base 9?
-54750
What is 42a9 (base 16) in base 13?
79c9
Convert 29552 (base 12) to base 14.
170d0
What is -1347 (base 12) in base 3?
-10001001
What is cb8 (base 15) in base 10?
2873
What is 4a1a (base 14) in base 8?
31240
Convert -3242 (base 7) to base 13.
-6b0
Convert -a1b5 (base 15) to base 2.
-1000010101100001
What is -10301 (base 4) in base 10?
-305
Convert -20402 (base 5) to base 10.
-1352
What is -14807 (base 9) in base 15?
-3007
Convert -2611 (base 7) to base 15.
-45d
Convert 3a6 (base 12) to base 13.
33c
Convert -32022 (base 5) to base 8.
-4131
What is 106bb (base 12) in base 16?
54ef
-9d83 (base 14) to base 11
-19612
4758 (base 16) to base 9
27043
What is -1035 (base 6) in base 12?
-17b
-12213 (base 4) to base 2
-110100111
What is 2830 (base 9) in base 6?
13513
1757 (base 9) to base 16
544
-409 (base 11) to base 9
-607
-7c94 (base 16) to base 14
-b8a0
What is 30313 (base 4) in base 16?
337
10230 (base 6) to base 4
111222
Convert -202222 (base 4) to base 15.
-9cd
What is 6a2 (base 11) in base 13?
4c6
What is -155236 (base 7) in base 9?
-46037
Convert 16651 (base 7) to base 12.
2931
Convert -2b (base 16) to base 4.
-223
-3000 (base 5) to base 3
-111220
What is 10360 (base 11) in base 13?
6b23
-797 (base 15) to base 14
-8a9
What is -12466 (base 10) in base 3?
-122002201
What is 16c4 (base 13) in base 14?
132b
780 (base 10) to base 3
1001220
Convert 140202 (base 5) to base 10.
5677
What is 2000100021 (base 3) in base 6?
503224
What is -20130230 (base 4) in base 9?
-52418
Convert 5587 (base 15) to base 8.
43317
Convert -40434 (base 6) to base 16.
-14e6
Convert -23423 (base 8) to base 4.
-2130103
112011 (base 4) to base 6
10313
Convert 101101101 (base 2) to base 3.
111112
What is 1000111010001101 (base 2) in base 6?
440541
Convert -5ac (base 16) to base 6.
-10420
What is -2022222 (base 3) in base 13?
-a0a
What is -8738 (base 9) in base 14?
-24b8
What is 629 (base 11) in base 10?
757
2462 (base 7) to base 3
1021022
Convert -cc (base 13) to base 16.
-a8
-2002 (base 6) to base 2
-110110010
Convert -11200211 (base 3) to base 10.
-3424
Convert 2031120 (base 4) to base 12.
52a0
What is -110001102 (base 3) in base 5?
-240121
-20044 (base 5) to base 15
-59e
What is -6245 (base 10) in base 2?
-1100001100101
Convert 100001101010111 (base 2) to base 8.
41527
-6cbc (base 14) to base 11
-13297
-232011 (base 4) to base 15
-d19
Convert -10110010100100 (base 2) to base 16.
-2ca4
Convert 1010001010001010 (base 2) to base 7.
232212
What is -10333222 (base 4) in base 14?
-7654
What is 2077 (base 9) in base 11?
116a
Convert -25f2 (base 16) to base 7.
-40215
What is 18062 (base 10) in base 11?
12630
504 (base 6) to base 7
352
What is -1001011111000 (base 2) in base 12?
-2988
What is 104a (base 12) in base 10?
1786
What is -245503 (base 6) in base 2?
-101010111101111
What is 3401 (base 5) in base 15?
21b
Convert -9607 (base 10) to base 7.
-40003
Convert -29b (base 16) to base 12.
-477
Convert 17801 (base 13) to base 9.
68115
-152 (base 14) to base 4
-10030
70b (base 16) to base 10
1803
Convert 953 (base 11) to base 12.
7b7
What is -bb86 (base 12) in base 10?
-20694
-5333 (base 6) to base 5
-14314
What is 4f7 (base 16) in base 11?
a56
What is -8c3 (base 16) in base 4?
-203003
3bd (base 16) to base 2
1110111101
What is -121221121 (base 3) in base 15?
-39da
-eb (base 15) to base 9
-265
Convert 183 (base 11) to base 10.
212
Convert 14345 (base 9) to base 3.
111101112
141263 (base 7) to base 15
7e82
-7a6 (base 12) to base 9
-1500
Convert -499 (base 14) to base 9.
-1231
128 (base 12) to base 10
176
Convert -e34d (base 15) to base 14.
-136c6
Convert 294 (base 15) to base 4.
21031
-2301 (base 5) to base 9
-402
What is 1866 (base 10) in base 7?
5304
Convert 212101111 (base 3) to base 5.
1021200
What is -21041 (base 5) in base 3?
-1220201
What is 34403 (base 9) in base 6?
254050
Convert 609 (base 12) to base 8.
1551
Convert -1102210 (base 3) to base 5.
-13142
-334021 (base 5) to base 14
-4401
Convert -115 (base 11) to base 8.
-211
Convert -41224 (base 10) to base 6.
-514504
What is 65 (base 10) in base 16?
41
946 (base 12) to base 10
1350
What is 1105 (base 6) in base 5?
2012
Convert 360 (base 11) to base 6.
1553
Convert 286 (base 14) to base 10.
510
Convert 3301 (base 11) to base 6.
32101
What is 10a73 (base 11) in base 3?
210212001
-10110011 (base 2) to base 7
-344
Convert 55115 (base 6) to base 12.
449b
Convert -136 (base 12) to base 9.
-226
-48a (base 11) to base 2
-1001000110
Convert -8065 (base 13) to base 6.
-213431
What is 11313 (base 5) in base 12?
595
Convert 185 (base 11) to base 8.
326
Convert -2030322 (base 4) to base 14.
-3402
What is -139d (base 15) in base 13?
-1bac
Convert -45655 (base 7) to base 6.
-125541
1386 (base 14) to base 11
2657
Convert -154 (base 6) to base 5.
-240
What is 26100 (base 9) in base 15?
531c
What is 15470 (base 13) in base 2?
1001110101111001
Convert 